 f(b)?
4
Suppose -5*q + 2*g + 34 = 5*g, 0 = -5*g + 15. Let u(w) = w**3 - 4*w**2 - 3*w + 4. Calculate u(q).
14
Let y(g) be the third derivative of -g**4/12 - 2*g**3/3 - 172*g**2. Give y(5).
-14
Let i(o) = -o**2 - 24*o + 30. Let y(t) = -2*t**2 - 47*t + 62. Let s(q) = -7*i(q) + 4*y(q). What is s(-22)?
-6
Let x(o) = -o + 1. Let j be 2/(-15) - (-3320)/150. Suppose -4*u + 2*z = j, 0 = -u - 5*z + 22. Let w be (4/(-10))/(u/15). Determine x(w).
-1
Let w(s) be the second derivative of 5*s**3/6 - 6*s**2 - 3*s. Let j(n) = -9*n + 24. Let b be 52/(-78)*21/2. Let q(r) = b*w(r) - 4*j(r). Calculate q(5).
-7
Let o(f) = 14*f + 67. Let m be o(-5). Let x(v) = -3*v**2 + 4*v + 4*v**2 + v + 2. Determine x(m).
-4
Let o(c) = -7*c - 32. Let t(b) = -5*b - 29. Let g(p) = 4*o(p) - 5*t(p). Determine g(7).
-4
Suppose -4*p + 4 = 3*k - 36, -4*p + 2*k = -40. Let m(y) = -y + 8. What is m(p)?
-2
Let w(f) = 12*f**2 + 12*f - 15. Let t(y) = 7*y**2 + 5*y - 8. Let p(c) = -7*t(c) + 4*w(c). Determine p(13).
-4
Let a(k) = -k - 3. Let o(s) = 2*s + 5. Let n(h) = -4*a(h) - 3*o(h). Give n(6).
-15
Let d(b) = 5*b**2 - b + 5. Let a(y) = -6*y**2 + 2*y - 9. Let c(j) = 1. Let o(t) = a(t) + 3*c(t). Let n(k) = -4*d(k) - 3*o(k). Determine n(-3).
-14
Let o(v) = -46*v + 14*v**2 - 117 + v**3 + 106 + 59*v. What is o(-13)?
-11
Let s(w) = -16*w - 20. Let z(u) = -3*u - 4. Let b(x) = -2*s(x) + 11*z(x). Suppose -7 = -a - 0. Let f be 2/a - (-48)/(-21). What is b(f)?
-2
Let v(q) = -q**2 + 12*q - 1. Suppose -45*i = -449 - 91. Calculate v(i).
-1
Suppose -56 + 105 = -7*s. Let n(a) = a**3 + 6*a**2 - 11*a - 6. Calculate n(s).
22
Let t(i) = 4*i - 1. Let z(c) = 7*c + 15. Let r(l) = 4*t(l) - 2*z(l). Give r(18).
2
Let k(y) = 2 - 2*y**2 + 2*y**3 + 4*y + 0*y**3 - 3*y**3. Let q be ((-18)/(-8))/((-10)/(-80)). Let i = q + -21. Determine k(i).
-1
Let f = 261 + -260. Let q(s) = s**3 + s. Determine q(f).
2
Suppose 9*b = 4*b + 15. Let p(l) = 0*l**b + l**3 + 6*l**2 + 3*l**2 + 2 - 11*l**2. Give p(-2).
-14
Let q(h) = 205*h + 1 - 66*h - 71*h - 70*h. What is q(-7)?
15
Suppose 0 = 2*o - 5*o + 231. Let a be 2/3 - o/21. Let w(r) = 2*r - 3*r**3 + 0*r**3 + 3*r**2 - r - 3 + 4*r**3. What is w(a)?
-6
Let y(b) = -4*b + 0*b - 4*b - 7 - b**2 + 0*b**2. Give y(-9).
-16
Let z(v) = -64*v**2 - 2 - 16*v**3 + v - 65*v**2 + 128*v**2 + 3. Let r(k) = -k**2. Let q be r(1). Determine z(q).
15
Let a(v) = -v**3 - 6*v**2 - 4*v - 6. Suppose 0 = 5*f + 5*t - 120, 3*t + 131 = 6*f - 2*f. Suppose 7*y + f = -6. Calculate a(y).
-11
Let t(x) = 99*x + 30. Let v(h) = 33*h + 11. Let d(q) = 4*t(q) - 11*v(q). Give d(1).
32
Let y(r) be the third derivative of -1/20*r**5 + 0 - 1/120*r**6 + 16*r**2 - 1/3*r**3 + 1/8*r**4 + 0*r. What is y(-3)?
-11
Let d(v) = v - 4. Let z be d(-5). Let x(i) = -i**3 - 8*i**2 + 7*i - 1. Determine x(z).
17
Suppose 5*s - 3*x - 3 + 7 = 0, 4*x + 12 = -2*s. Let t(j) = -2*j**2 - 6*j - 3. Calculate t(s).
1
Let d(m) = 3*m - 1. Suppose -40*n - 4*a - 8 = -41*n, 2*a = -5*n - 4. Determine d(n).
-1
Let l = 100 - 107. Let i(a) = -3*a + 14. Let h(y) = -4*y + 11*y - 15 - 14. Let r(q) = 4*h(q) + 9*i(q). What is r(l)?
3
Let w(n) = -66*n**3 + 9*n**2 + 13 - 56*n**3 + 13*n + 121*n**3. Calculate w(10).
43
Let v(p) = -p + 8. Let h be v(0). Let u(k) = -k + 3. Give u(h).
-5
Let i be 13/5 - (4 - 22/5). Let b(o) = -2*o**3 - 6*o**i - 1 + 4*o**2 + 3*o + 7*o**3 - 5*o. Suppose -z = -2*z - s, 5*s + 6 = -2*z. Determine b(z).
3
Let d(k) = 13*k**2 + 7. Let u(o) = -o**2 - 1. Let g(w) = -d(w) - 6*u(w). Let f = 9 + -1. Let p = -7 + f. Calculate g(p).
-8
Let r(q) = 3*q**3 + 8*q**2 + 13*q + 4. Let x(d) = 2*d**3 + 8*d**2 + 12*d + 4. Let p(n) = 3*r(n) - 4*x(n). What is p(9)?
-4
Let k(l) = -l**3 + l**2 + 11*l - 9. Let m be k(2). Let n(s) = -s**3 + 10*s**2 - 6*s - 11. What is n(m)?
16
Suppose -5*q - 5*t = -40, -7 = 3*q + t - 27. Suppose -2*k = 9*k - 165. Let l(u) = -7*u + k + 0*u**2 - 23 + u**2. What is l(q)?
-14
Let r(x) be the third derivative of -2*x**5/15 + x**4/6 + x**3/6 - 6*x**2 - 29. What is r(-1)?
-11
Let t(o) = -7*o + 14. Let d be 0 - (1 - 1) - 6. Let c(i) = 30*i + 23*i - 52*i. Let k(l) = d*c(l) - t(l). What is k(6)?
-8
Suppose 3*o + d = 54, 8*o - 6*o = 2*d + 28. Let l(f) = -f**2 + 19*f - 36. Determine l(o).
-2
Let x(p) = p**3 + p**2 - 5*p - 4. Let m be x(-3). Let z(v) = v - 3. Let w(f) = -6*f + 14. Let j = -15 - -11. Let g(t) = j*w(t) - 22*z(t). What is g(m)?
-4
Suppose 4 = -3*y + 13. Let h(l) = -3*l**3 + 0*l**2 + y*l**2 - 1 - l**2 + 4*l**3. Determine h(2).
15
Let z(h) = -h**2 + h - 1. Let b(v) = 4*v**2 - 10*v - 1. Suppose -4*i = 2*s + 2*s, 4*s = -i - 9. Let x(g) = i*z(g) + b(g). What is x(6)?
-10
Let m be (1 - 2)*(-2 + 9). Let h(c) be the first derivative of -c**2 + c - 3017. Calculate h(m).
15
Let w(z) = -z + 1. Let a(l) = 3*l + 27. Let k(p) = -p - 7. Let v(f) = 6*a(f) + 22*k(f). Let t(s) = -v(s) + 3*w(s). Let m(r) = -r. Let n be m(-5). What is t(n)?
0
Let t(i) = 5*i**2 - 2*i - 3. Let d be t(3). Let g be 19 - (-2 + 4 - -1). Let k be d/g*(-24)/9. Let m(p) = -p**3 - 5*p**2 + 3*p - 5. Determine m(k).
13
Suppose 5*j - 2*u = -0*u + 35, 5*j - 45 = 4*u. Suppose -j*b - 3*w + 10 = 0, -b + 10 = -2*b - 3*w. Let y(f) = -f - b*f - 2 + 2*f. Give y(-2).
6
Let q(y) = -31*y - 75. Let r(l) = -6*l - 13. Let c(n) = -2*q(n) + 11*r(n). What is c(7)?
-21
Let y(l) = -l**2 - 7*l - 15. Let a(j) = 2*j**2 + 14*j + 29. Let o(h) = -6*a(h) - 11*y(h). Calculate o(-8).
-17
Let d(q) = -q - 4. Let l(f) = f**3 + 7*f**2 - 6*f + 12. Let t be l(-8). Let r be -4*t/40*-20. What is d(r)?
4
Suppose -c - 3*m = 4 + 8, 4*m + 29 = 3*c. Suppose -c*s - 20 = -3*p + 2*p, 3*s - 2 = -p. Let u(r) = -r**2 + 11*r - 1. Give u(p).
-1
Let f = 13 + -10. Let j(g) be the first derivative of 2*g**3/3 + g**2/2 - 3*g - 104. Calculate j(f).
18
Let t(z) = -7*z**2 - 8*z - 9. Let h(y) be the second derivative of -y**4/4 - 2*y**3/3 - 2*y**2 + 9*y. Let s(k) = 5*h(k) - 2*t(k). Give s(-3).
1
Let i(g) = -14*g - 14. Let q(h) = h + 1. Let p = 34 - 33. Let u(z) = p*i(z) + 12*q(z). Calculate u(-5).
8
Suppose 7*b - 25 = 2*b + 2*r, 4*r = -3*b + 41. Suppose 0 = -v + 4*j - b, 2*v + 4 = 3*j + 5. Let l(f) = -v*f - f**2 + 0 - 7 - f. Give l(-5).
-2
Suppose -6*n = -31*n - 50. Let c(p) = 0*p**2 - 4*p - 2 - 2*p**2 - 1. Calculate c(n).
-3
Let j(z) = -z**2 - 12*z - 4. Let q be 3 - 3 - (-3 - -10). Determine j(q).
31
Let r(q) = q**2 + q - 7. Let u(z) be the third derivative of z**4/24 - 8*z**3/3 - 6*z**2. Let d be u(11). Give r(d).
13
Let k be -3*(12/4 - 0). Let f(s) = 2*s - 28 + 18 + 12. Determine f(k).
-16
Suppose 0 = -o + 9 + 3. Let d be (0 - 8/(-12))*o. Suppose -5*f + 3*f - d = 0. Let i(m) = -m**3 - 4*m**2 + 3*m + 5. What is i(f)?
-7
Let m(c) = -2*c + 8. Let a(j) = 16*j - 2. Let y(d) = -a(d) - 10*m(d). What is y(18)?
-6
Suppose -4*x + 8 = -2*x. Let r = 4 - -8. Let j(m) = 4*m**2 + 3*m - r*m**2 + 7*m**2 + 3 - 2. Give j(x).
-3
Let p(l) = -l**3 + 9*l**2 + 2*l - 2. Suppose -353 + 326 = -3*d. What is p(d)?
16
Let l(x) = -5*x**2 - 67*x - 56. Let w(m) = m**2 + 13*m + 11. Let b(k) = -2*l(k) - 11*w(k). Give b(-8).
-1
Let f = 290 + -275. Let j(r) = r - 20. What is j(f)?
-5
Let h be -14*1/(-2) + 0. Let k(t) = 2*t - 2. Calculate k(h).
12
Let b(s) = 3*s + 2. Let y be b(-2). Suppose 2*g - 4*g - 4*p - 4 = 0, -5*g = 3*p - 4. Let x(z) = -86 - z**3 + 14*z**g - 3*z + 82 - 18*z**2. Calculate x(y).
8
Let f(v) = 5*v - 3. Let w(r) = 11*r - 7. Let g(t) = 9*f(t) - 4*w(t). Suppose 9*y + 30 = 12*y. Suppose -3*m = 2*m - y. Calculate g(m).
3
Let a(k) = k - 3*k + 4*k - 3. Let m = -1465 - -1470. Determine a(m).
7
Let s(d) be the first derivative of -d**4/4 + 5*d**3/3 - 3*d**2 - 7*d + 1. Let v(u) = -2*u**3 + 4*u**2 - 5*u - 6. Let j(f) = -6*s(f) + 7*v(f). What is j(1)?
-9
Let j(u) = 8*u - 1. Let l(g) = -9*g - 1. Let v(i) = 3*j(i) + 2*l(i). Let x(b) = -3*b + 3. Let z(c) = 3*v(c) + 5*x(c). Calculate z(4).
12
Let q = 311 + -303. Let g(d) be the third derivative of d**4/24 + 11*d**3/6 + 4*d**2. What is g(q)?
19
Let i(j) be the first derivative of -j**4/4 - 2*j**3/3 + j**2 - 3*j + 370. Suppose 0 = 2*t - 3*y + 3, -3*t + y + 6 - 14 = 0. Give i(t).
0
Let a = 75 + -43. Let v = 32 - a. Suppose -2*l + 3*z = -4, v = -4*z + z. Let t(u) = -u - 1. What is t(l)?
-3
Let n(x) = -2*x - 4*x - 1 + 11 + x + 4*x. What is n(5)?
5
Suppose 0 = -8*y + 3*y + 25. Let j = 8 + -7. Let q(c) = 2 + j - 6*c + c**2 - 7 + 3. Dete